?
True
Is 137625101 a prime number?
False
Is 78691674637 prime?
False
Is 1357766869 a composite number?
False
Is 402326652097 composite?
False
Is 28705226731 prime?
False
Is 982630669 composite?
False
Is 372220957 a prime number?
True
Is 655886057 prime?
True
Is 325929346949 prime?
False
Is 460209443 prime?
True
Is 935487827 prime?
False
Is 533664121 composite?
False
Is 24601908151 composite?
True
Is 3203864501 a composite number?
False
Is 1658562397 a composite number?
False
Is 8313521735 a composite number?
True
Is 645336481 prime?
True
Is 917132443 a prime number?
False
Is 17487878491 a composite number?
False
Is 55116647501 composite?
True
Is 11812914083 prime?
False
Is 1097325443 a composite number?
True
Is 149570041 a prime number?
True
Is 15468072773 a prime number?
False
Is 12203884415 a composite number?
True
Is 6332938999 a prime number?
True
Is 38983938239 a composite number?
True
Is 709365113 composite?
True
Is 2194015079 composite?
False
Is 4443507683 prime?
True
Is 587830163 composite?
False
Is 4370223287 a composite number?
False
Is 307907913 a composite number?
True
Is 934938077 prime?
True
Is 3064601569 composite?
True
Is 352067707 a composite number?
False
Is 338418419 prime?
True
Is 3921461333 composite?
False
Is 345438689 a composite number?
False
Is 88111200367 a prime number?
True
Is 12933994679 a composite number?
False
Is 12702550477 composite?
False
Is 5236646669 a prime number?
True
Is 207722413 composite?
True
Is 40894837327 prime?
False
Is 16857984307 composite?
True
Is 12978707971 composite?
False
Is 270034823 a composite number?
False
Is 29410947479 a composite number?
False
Is 40640055431 prime?
False
Is 8666536343 a prime number?
True
Is 248345831 a composite number?
True
Is 2250241111 composite?
False
Is 16141847 composite?
True
Is 183520061 a composite number?
False
Is 3358061431 composite?
False
Is 1810897117 composite?
False
Is 276152449 a composite number?
False
Is 3117286037 prime?
True
Is 58137799 prime?
False
Is 27398299163 a composite number?
False
Is 7192287287 a prime number?
True
Is 3546548491 prime?
False
Is 70572109273 composite?
False
Is 6535994953 prime?
True
Is 7356822379 a prime number?
True
Is 73458809129 prime?
True
Is 232724529779 a prime number?
False
Is 5162398183 a composite number?
False
Is 108904322533 a prime number?
True
Is 53881507571 a prime number?
True
Is 4327528603 composite?
False
Is 2027792009 prime?
True
Is 187337873873 a composite number?
True
Is 185720033 composite?
False
Is 2745644563 composite?
False
Is 123330039541 prime?
True
Is 2040688187 a composite number?
False
Is 34177224089 a prime number?
False
Is 2056169366 a composite number?
True
Is 118364153521 a prime number?
False
Is 82460657089 a prime number?
True
Is 891844417 composite?
True
Is 8945591815 a composite number?
True
Is 376150727 a prime number?
True
Is 714245977 composite?
True
Is 18286661 a composite number?
True
Is 15632070281 a composite number?
False
Is 374819311 prime?
True
Is 14182664663 composite?
True
Is 2430534439 a composite number?
False
Is 6017274269 a prime number?
False
Is 3732198837 a prime number?
False
Is 387838601 a composite number?
True
Is 4898270603 composite?
False
Is 982065271 a composite number?
True
Is 19689448385 prime?
False
Is 385056810859 a prime number?
False
Is 1082478563 composite?
True
Is 1299979129 a composite number?
False
Is 113529409717 a prime number?
False
Is 96420408907 prime?
True
Is 560532733 a prime number?
False
Is 17322853 a composite number?
True
Is 1303185733 composite?
True
Is 2120403209 composite?
False
Is 5945136881 a composite number?
False
Is 520886013 a composite number?
True
Is 465581827 composite?
False
Is 223739171 a composite number?
False
Is 1445740403 prime?
True
Is 39061465849 a composite number?
True
Is 251158069 composite?
False
Is 19706956169 a prime number?
False
Is 75560269423 prime?
True
Is 8321832899 a prime number?
True
Is 13346592499 composite?
False
Is 2625487663 a prime number?
True
Is 869587129 prime?
True
Is 15967003205 prime?
False
Is 692766071 prime?
False
Is 27708719 a composite number?
False
Is 136995511 a prime number?
True
Is 1134487411 prime?
True
Is 29368489201 composite?
False
Is 133667509 composite?
True
Is 13147165943 composite?
False
Is 81594834343 a composite number?
True
Is 31866280717 prime?
False
Is 500403107 a composite number?
True
Is 12914653819 a composite number?
True
Is 14456759 prime?
True
Is 7467342767 composite?
False
Is 9227167451 prime?
True
Is 10560145259 composite?
False
Is 2063154437 composite?
False
Is 95950794809 a prime number?
True
Is 46120575409 a composite number?
True
Is 5071545289 a prime number?
False
Is 505343962 a prime number?
False
Is 49355213731 composite?
False
Is 332318585369 a composite number?
False
Is 790796213 a prime number?
True
Is 280567279 prime?
True
Is 18742229403 a prime number?
False
Is 2292294449 composite?
True
Is 496667447 prime?
False
Is 91934981651 a prime number?
True
Is 3819213413 prime?
True
Is 157604785003 a composite number?
False
Is 1595051057 a prime number?
False
Is 3073960541 a composite number?
False
Is 626454071 prime?
True
Is 15032941969 a composite number?
True
Is 452508689 composite?
False
Is 11177368739 a prime number?
False
Is 77240503 a prime number?
False
Is 59557109207 a prime number?
True
Is 11432241061 prime?
False
Is 7538170253 a composite number?
False
Is 46908028393 a prime number?
True
Is 197076599 a prime number?
True
Is 410928943 composite?
True
Is 60716627 prime?
False
Is 4018414217 composite?
True
Is 94223999 prime?
True
Is 91361853393 a composite number?
True
Is 213668711 a prime number?
True
Is 216413849 composite?
False
Is 462259781 a composite number?
False
Is 8087552333 composite?
True
Is 2475578017 prime?
False
Is 3254743277 composite?
False
Is 490156633 composite?
False
Is 778565173 a prime number?
True
Is 213595597 a prime number?
True
Is 105981413 composite?
True
Is 425440669 a composite number?
False
Is 692563069 prime?
False
Is 3084789373 composite?
True
Is 180501521 composite?
False
Is 2919444551 a prime number?
True
Is 40371551335 a composite number?
True
Is 47214816646 composite?
True
Is 8040349373 a composite number?
True
Is 1211449531 composite?
False
Is 43210649 prime?
True
Is 5792994451 a composite number?
True
Is 812286719 composite?
True
Is 1641429857 composite?
False
Is 64375786063 a prime number?
True
Is 4681812599 a prime number?
False
Is 30962357 a composite number?
True
Is 3006172391 composite?
True
Is 456392723 a prime number?
True
Is 1412939201 a prime number?
False
Is 503690753 a prime number?
True
Is 49869883711 prime?
True
Is 5043150353 a prime number?
False
Is 117215803 prime?
False
Is 3460531139 prime?
False
Is 2191933169 a composite number?
True
Is 38433800887 composite?
True
Is 159495929 a composite number?
True
Is 56131443437 prime?
False
Is 1203793921 prime?
False
Is 4336767865 a prime number?
False
Is 2403152897 a composite number?
False
Is 82376192593 a prime number?
False
Is 10019827799 a prime number?
True
Is 4341134737 prime?
False
Is 6421802767 a prime number?
True
Is 9458441203 prime?
False
Is 69469559569 prime?
True
Is 6577028839 prime?
False
Is 325588853 composite?
False
Is 7195855699 a prime number?
False
Is 27310764907 a prime number?
True
Is 57565577969 a composite number?
True
Is 45211613 composite?
True
Is 399069072707 composite?
False
Is 8418193393 prime?
False
Is 6487669693 a composite number?
True
Is 590416951 prime?
True
Is 17750362561 composite?
True
Is 354304529 a composite number?
False
Is 26278380091 prime?
False
Is 9603142187 composite?
True
Is 9073025317 prime?
True
Is 945931619 prime?
True
Is 10394233478 composite?
True
Is 6555908507 a composite number?
False
Is 4541931397 prime?
True
Is 7821098381 composite?
False
Is 16135644641 prime?
False
Is 671486167 prime?
False
Is 4515509489 prime?
False
Is 579371609 prime?
True
Is 744768019 a composite number?
True
Is 265201031 a composite number?
True
Is 921999943 a composite number?
False
Is 180750347 prime?
True
Is 13375303153 composite?
True
Is 1552832159 prime?
True
Is 104453091529 composite?
False
Is 116579691257 prime?
True
Is 711483527 a composite number?
True
Is 14613389711 a composite number?
False
Is 512121139 prime?
False
Is 277